4852 = -2*f, -4*b + 4*f = -33144. What is the thousands digit of b?
8
Let q(r) = 49*r**2. Let g(w) = -4*w**2 + 8*w - 6. Let d be g(3). Let a = 19 + d. What is the units digit of q(a)?
9
Suppose 4*a + 86102 = -5*y + 8*y, 5*a = 4*y - 114804. What is the ten thousands digit of y?
2
Let u be 2 + (-8)/(-4) + 811. Suppose -5*j + 2940 = u. What is the tens digit of j?
2
What is the hundreds digit of ((-6)/4)/((-38)/329764)?
0
Suppose 39 = 3*d - 4*d - 3*y, 4*d = 3*y - 126. Let s = 36 + d. Suppose -110 = -s*r + 154. What is the tens digit of r?
8
Let w = -4 - -20. Suppose 2*b - 2 = -4*y - w, y + 1 = -3*b. What is the units digit of 161 - -1*0/b?
1
Let k be (-423)/(-17) + 14/119. Suppose -2*c + 20 = 4*m, 0*m = 4*c + 3*m - k. Suppose -c*s + g + 55 = -339, -3*s + 301 = 2*g. What is the units digit of s?
9
Suppose 17*f - 131422 - 118443 = 183295. What is the thousands digit of f?
5
Let k(d) = -d**3 + 15*d**2 - 14*d + 10. Let o be k(14). Let v be (112/(-20) + (-4)/o)/1. What is the tens digit of (86/v)/(1/(-6))?
8
Let y(i) = -i + 1. Let a(d) = 4*d**3 + 3*d**2 - 3*d + 2. Let l(t) = -a(t) + 5*y(t). Let o be ((-1)/(-2))/(1/(-6)). What is the tens digit of l(o)?
9
Let v(u) = 15*u**2 - u - 2. What is the hundreds digit of v(-6)?
5
Let a(k) = -1 - 3 - 803*k**2 + 3*k - 3 + 809*k**2 - 42*k**3. What is the thousands digit of a(-3)?
1
Let w(s) = 149*s**2 - 15*s + 83. What is the ten thousands digit of w(14)?
2
Let j be 4/(-18) + (-17822)/(-9). Suppose b - 5*b + 3*o + 2012 = 0, 4*b = -5*o + j. What is the hundreds digit of b?
5
Let q = 423 + -399. Suppose q*m - 17*m = 9303. What is the thousands digit of m?
1
Let a = -69 - -4866. What is the thousands digit of a?
4
Let l(j) = 18*j**2 - 205*j - 11. Let y be l(12). Suppose -5*d - 4*a + 1195 = -0*d, -5*a + 704 = 3*d. Let k = d - y. What is the tens digit of k?
2
Let t(f) = f + 6. Let k be t(3). Let i(z) = z**2 - 7*z - 8. Let r be i(k). Let y = r - -1. What is the units digit of y?
1
Let z(b) = -2*b**2 - 41*b + 20. Let q be z(-21). Let w(c) = -1171*c + 15. What is the hundreds digit of w(q)?
1
Suppose 5*j = -6*c + 5*c - 10, j = -c + 2. Suppose c*a + 48 = 343. Suppose 585 = a*g - 54*g. What is the units digit of g?
7
Suppose v - 26*f + 27*f - 2197 = 0, 6605 = 3*v + f. What is the thousands digit of v?
2
Let m be 0 - -5 - (-12)/(-12). Suppose m*k + 51 = 739. What is the tens digit of k?
7
Let y(v) = 123*v**2 - 2*v + 2. Let j(x) = 42 - 11 + 15*x**2 - 16 - 15*x - x**3. Let m be j(14). What is the units digit of y(m)?
3
Let q be (-1)/3 + 270/81. Suppose -5*w + 374 + 3239 = -4*x, -2*w = -q*x - 1448. What is the tens digit of w?
2
Let y(b) = b**2 + 7*b + 43. Suppose -19*c + 18 = -22*c. What is the units digit of y(c)?
7
Let b = 120 - 128. Let z = b - -11. Suppose -4*q + y = -888, q = z*y - 6*y + 235. What is the tens digit of q?
2
Suppose 123*c = 487291 + 348002. What is the units digit of c?
1
Suppose 0 = s + 12 + 5. Let f(j) = j**3 + 17*j**2 - 21*j + 1. What is the units digit of f(s)?
8
Suppose -2271 = -2*z - 3*i + 81011, -83276 = -2*z - 4*i. What is the thousands digit of z?
1
Let o be (-90)/(-12) + (0 - (-3)/6). Let t(d) = -2*d**2 + 19*d - 8. What is the tens digit of t(o)?
1
Let c = 23 + -14. Let b(m) = -5*m + 51. Let o be b(c). Suppose o*f - 213 - 411 = 0. What is the units digit of f?
4
Let q(j) = -j**2 - 2*j - 4. Suppose 0 = n - 3*a + a - 6, -3*n + 5*a + 15 = 0. Let v be q(n). What is the hundreds digit of (v/2)/((-3)/156*1)?
1
Let g(i) = -3*i + 27. Let k be g(7). Suppose k*x + 7*x + 1248 = 0. Let f = x + 168. What is the units digit of f?
2
Suppose 3*v + 10 - 16 = 0. Let l = v + 146. What is the hundreds digit of l?
1
Let h be 289/(-119) + (-9)/(-21). What is the tens digit of (-152)/(-38) - 1442/h?
2
Let x(c) = -3*c**2 - 5*c + 5. Let t be x(1). What is the units digit of 6/(5*t/(-1245))?
8
Let a be 12 + 0/(-5) + 5. Suppose 2*o - a - 33 = 0. What is the units digit of (-3 - 284/(-20))*(o + 0)?
0
Let l(v) = -32*v. Let w be l(-2). Suppose u = 1, -3*u - 50 = r - 154. Let n = r - w. What is the units digit of n?
7
Suppose 0 = 6*v + 43 - 1. Let q(f) = -2*f**3 - 8*f**2 - 13*f - 18. What is the units digit of q(v)?
7
Let f = -88 + 90. What is the tens digit of 2133/12 - f/(-8)?
7
What is the hundreds digit of 61/183 - 61602/(-9)?
8
Suppose 4*q + q + 100 = 0. Let f = q + 62. What is the tens digit of (-36)/6*f/(-4)?
6
Suppose -4*h + 40*h = -17*h + 2301525. What is the ten thousands digit of h?
4
Suppose 2*h - 5*h = -300. Suppose -2*f + h = 1088. Let k = f - -729. What is the hundreds digit of k?
2
Let h be (-10)/((36/(-24))/((-3)/(-4))). Suppose 6577 = h*o + 4*r + 301, 2*o - 4*r = 2488. What is the hundreds digit of o?
2
Let t = 4591 - 15. What is the tens digit of t?
7
Let u(r) be the first derivative of 8*r**3/3 + 10. Let g be u(5). Let i = g - 115. What is the units digit of i?
5
Let o = -242 + 346. Suppose -10*b = -61 - 99. What is the units digit of (-1226)/(-26) - b/o?
7
Let t be ((-30852)/45)/((-26)/(-10) - 3). Suppose -5*x - l + t = l, -2*l - 1706 = -5*x. What is the hundreds digit of x?
3
Let x(w) = 2488*w**2 + 3*w + 13. What is the units digit of x(-2)?
9
Let c be 2/6 - (5 - (-4736)/(-3)). Suppose 26*i - 4692 = c. What is the hundreds digit of i?
2
Let c be -2 - -2 - 91/(-7). What is the units digit of (-14)/21 + -22*c/(-6)?
7
Let m = 25127 - 5556. What is the thousands digit of m?
9
Let s be -1*(-1)/(-2)*2. Let b(l) = 9*l**2 + l + 2. Let u be b(s). Suppose -u = -4*x - 6. What is the units digit of x?
1
Let t(n) = n**3 - 6*n**2 + 7*n - 6. Let p be t(5). Let f be (-160)/20*(-1)/p. Suppose 0 = f*y - 18 - 0. What is the units digit of y?
9
Suppose -38945 = -2*r - 2*a - 5187, -5*r = 2*a - 84377. What is the thousands digit of r?
6
Let l = 5319 + -1909. What is the tens digit of l?
1
Suppose 3*a = 2*a + c + 3, -3*a - 5*c = 15. Suppose 2*r = -a*y + 5*y - 186, y = r + 39. Suppose -m + y = -64. What is the units digit of m?
0
Suppose 2*o + 31809 = 5*m, 176 = 5*o + 161. What is the tens digit of m?
6
Suppose 28627 = -7*w + 107132. What is the thousands digit of w?
1
Let r(q) = 2263*q - 4291. What is the units digit of r(21)?
2
Let h(s) = -619*s - 67. Suppose -6*n - 264 = -246. What is the tens digit of h(n)?
9
Let o be (-95478)/(-31) - (-38)/589. Let d = -2114 + o. What is the tens digit of d?
6
Let y = 2400 + -1482. Suppose -6*d = -d - 60. Suppose y = d*s - 282. What is the hundreds digit of s?
1
Let q(n) = -10 + 1445*n**2 - 702*n**2 - 718*n**2 - 3*n. What is the hundreds digit of q(-4)?
4
Suppose 2*v + 224250 = 11*v - 213132. What is the units digit of v?
8
Let i(y) = -y**2 - y + 14. Let q be i(-4). Suppose 9*o = q*o + 14. What is the tens digit of ((-5)/2)/(-5)*(o - -178)?
9
Let n(s) = -69*s - 25. Let l be n(-3). Suppose 3*m = 7*m - 2*w - 352, -2*w = 2*m - l. What is the units digit of m?
9
Suppose -3*g - 33*l = -35*l - 4828, -4*l = -5*g + 8046. What is the tens digit of g?
1
Let c(i) = i + 4*i**2 + 0*i - 10 - 2*i**2. Let n be (-1 + (-4 - 0) - (-7 - 2))*2. What is the units digit of c(n)?
6
Let a(w) = 41*w**2 - 292*w + 79. What is the hundreds digit of a(-25)?
0
Suppose 15805 = 2*x + 2937. What is the hundreds digit of x?
4
Let z(j) = -j**2 - 13*j + 94. Let w be z(5). Suppose w*v + 3*q = 1282, 949 = 2*v + 5*q + 301. What is the tens digit of v?
1
Let m(z) = 85*z**3 + z**2 - 2*z + 2. Suppose 9 = 2*c + 15. Let g(v) = -84*v**3 - 2*v**2 + 2*v - 3. Let o(a) = c*g(a) - 4*m(a). What is the tens digit of o(-1)?
8
Suppose -3*r + a - 1098 = -5236, 2*r - 2754 = -4*a. Suppose -r*n - 3744 = -1383*n. What is the hundreds digit of n?
9
Let g(u) = -u**3 + 10*u**2 - 10*u - 14. Let q be 4 - (24 + (-1 - 1)). Let j be -1 - q/(-4)*-2. What is the tens digit of g(j)?
3
Let y(d) = 8*d**3 + 12*d**2 + 66*d - 2. Let i(p) = -7*p**3 - 14*p**2 - 67*p + 3. Let u(w) = 6*i(w) + 5*y(w). What is the tens digit of u(-13)?
8
Let z = -1 - 17. Let w = -16 - z. Suppose x - 2*k = 26, 0 = 3*x + 2*k + w*k - 58. What is the units digit of x?
2
Suppose -2*w + 3*t = 23, -5*w + 8 = -2*t + 82. What is the hundreds digit of w/2*473/(-4)?
9
Suppose -2*m + 57 = -5*o + 2, 0 = -5*m - 5*o + 155. Let g(n) = 2 - 2 - 1 + m*n**2 - 31*n**2 + 24*n. What is the tens digit of g(20)?
7
Let o = 36 + -47. Let v = o + 17. Suppose -56 = -l + 5*m, 5*m + 360 = -l + v*l. What is the un